 x(n) = n**2 + 2. Let p be x(2). Let w be (-1 + 5)*3/p. Let u(o) = o**2 + 1 + 2*o + w*o - 5*o. Give u(3).
7
Let l(v) be the first derivative of v**4/24 + 2*v**3/3 + v**2/2 - 2. Let x(m) be the second derivative of l(m). Give x(-4).
0
Let c(s) = -s + 3. Suppose -3*n + 9 = -0*n. Let t = -7 + n. Give c(t).
7
Let r = 10 - 11. Let y(z) = -8*z**3 - 2*z**2 + 1. Calculate y(r).
7
Let h(j) = -j**3 - 4*j**2 + 2*j - 3 + 2*j**3 - 2*j**3. Suppose -8 + 23 = -3*p. Calculate h(p).
12
Let b(l) be the second derivative of -1/6*l**3 + 0 + 1/6*l**4 - l + 1/2*l**2 + 1/20*l**5. Let o(t) = t**3 + 11*t**2 + 26*t + 14. Let h be o(-8). What is b(h)?
3
Suppose 5*r - 9 = 16. Let h(w) = -2*w + 6. Let f be h(r). Let a(n) = -n**2 - 3*n - 4. Determine a(f).
-8
Let q(r) = 6*r**2. Let y(b) = -b**2 + 8*b - 1. Suppose -43 = -5*v - 8. Let m(f) = -f**2 + 8*f + 1. Let i be m(v). Let p be y(i). Determine q(p).
6
Let b = -6 - -9. Let v(o) = -4*o**2 + 6*o. Let p(r) = -5*r**2 + 6*r - 1. Let q(l) = b*p(l) - 4*v(l). Calculate q(6).
-3
Let c(b) = b - 3. Suppose -2*l + 6 = -4. What is c(l)?
2
Let n(j) be the third derivative of -j**6/120 - j**5/20 + j**4/6 + j**3/6 + 18*j**2. Give n(-3).
-11
Let p(z) be the second derivative of -z**6/120 + z**4/12 + z**3/3 + z**2/2 - z. Let u(r) be the first derivative of p(r). Determine u(-2).
6
Let g(d) be the first derivative of 1/4*d**4 - 5/3*d**3 - d**2 + 3*d - 3. Determine g(5).
-7
Let w(h) = 3*h**3 + 3*h**2 - 2. Let a be w(-2). Let g = -10 - a. Let n(m) = -m**3 + 5*m**2 - 6*m + 4. Determine n(g).
-4
Let d(i) = i**2 - i**2 + i**2 + 24 - 6*i - 31. What is d(8)?
9
Let m(j) = 10*j + 1. Let o(t) = t**2 - 2*t. Let i be o(2). Let h = i - -1. What is m(h)?
11
Let v(l) = -l**3 + l**2 - 4*l + 3. Let k be -1 - (-4)/(4/5). Let z(q) = -q**3 + q**2 - 3*q + 2. Let o(d) = k*z(d) - 3*v(d). Give o(0).
-1
Let i(u) = -3*u - 5. Let z(w) = 16*w + 26. Let r(j) = 11*i(j) + 2*z(j). Give r(0).
-3
Let x(b) = -b**2 + 4*b + 6. Suppose 11*i = 6*i + 30. Determine x(i).
-6
Let m(s) = -s**2 - 2*s + 3. Let i(j) be the second derivative of j**3/3 - 9*j**2/2 + 5*j. Let k be i(6). Calculate m(k).
-12
Let h(w) = 3*w**3 + 8*w**2 - 7*w - 7. Let a be h(-3). Let c = 10 - 6. Let u(d) = -2 + 6*d**2 + 3*d**3 - 3 - 4*d - c*d**3. Determine u(a).
0
Let f(t) = -4 - t**2 + 2 + 22*t - 27*t. Give f(-4).
2
Let v(o) = -o**3 + o**2 + 4*o - 5. Let u(y) = -4*y**2 + 2*y**2 - 1 + 0 + y + y**2. Let z(i) = 3*u(i) - v(i). Determine z(4).
-2
Let a(j) = -3*j + 35. Let c(p) = -p**2 + 2*p - 5. Let q be c(3). Let v(x) = 5*x - 53. Let f(o) = q*a(o) - 5*v(o). What is f(-8)?
-7
Let r = -18 - -19. Let q(n) = 3*n - 1. Calculate q(r).
2
Let o = 10 - 21. Let g(m) = -15*m**2 - 11*m + 14. Let b(s) = 5*s**2 + 4*s - 5. Let r(a) = o*b(a) - 4*g(a). Give r(1).
4
Let v = 1 + 5. Let l(t) = v*t - 2*t**2 + t**2 - 2*t. Determine l(4).
0
Let b = 13 - 19. Let s(c) = -4*c + 5 + 6*c**2 + c**3 - c + 6*c. What is s(b)?
-1
Let w(k) = k**3 - 5*k**2 + 2*k - 7. Let s be w(5). Suppose 0 = 2*m - 8, -s*q = -6*q + 5*m - 26. Let j(i) = 2 + 2 - 5 - 2*i. Determine j(q).
3
Let a(o) = o**3 + 6*o**2 + 3*o - 9. Let b be a(-5). Let p(i) = 5*i + i - 1 + i. Give p(b).
6
Let k(u) = u. Let r(g) = g + 11. Let f be r(-8). Suppose 0 = v - 7 + f. Determine k(v).
4
Let c(l) = l**2 + 3*l - 2. Let k be (-50)/(-15)*24/(-20). Calculate c(k).
2
Let v(z) = z**2 - 2. Suppose 0 = n - 3 - 0. Suppose -1 - 5 = n*a. What is v(a)?
2
Let p be (-1)/(((-8)/2)/(-12)). Let b(j) be the third derivative of j**4/12 + j**3/6 + j**2. What is b(p)?
-5
Let c = -17 - -18. Let l(d) = -16*d**3 + 2*d**2 - 1. Give l(c).
-15
Let c(p) be the third derivative of p**4/8 + p**3/6 - 2*p**2. Suppose -5 = -2*w + 3*w - x, -4*w = -2*x + 12. Determine c(w).
-2
Let k(h) = -14*h**2 - 13*h - 5. Let q(c) = -5*c**2 - 4*c - 2. Let i(l) = -6*k(l) + 17*q(l). Calculate i(9).
5
Let q(w) = -w**2 - 4*w - 3. Let f be q(-4). Let o be 15*f/18*-2. Let x(h) = h - 6. Let s be x(o). Let t(z) = z - 1. Give t(s).
-2
Let j(w) = w**2 - 4*w - 7. Suppose -15 = -3*m - 2*l, m - 5*m + 5*l + 20 = 0. Suppose 0*n - m*n = -30. What is j(n)?
5
Let x(w) be the second derivative of 1/3*w**3 + 0*w**2 + 0 - 3*w. Give x(5).
10
Suppose -3 = 3*i - 0. Let w(o) = 3*o**2 + o - 4*o**2 + 0*o**2 + 1 + 2*o**2 - 9*o**3. Give w(i).
10
Suppose 2*p + 2*p = 3*c + 16, -16 = -4*p - 3*c. Let w(o) = o - 2. What is w(p)?
2
Let q(s) be the second derivative of 3*s**5/20 + 2*s**4/3 - 3*s**2/2 - 2*s. Let m(g) = 7*g**3 + 17*g**2 - g - 5. Let p(n) = -2*m(n) + 5*q(n). Calculate p(-5).
10
Let a = -22 + 62. Let j be (-170)/a - (-1)/4. Let x(q) = -2*q - 2. Calculate x(j).
6
Let p be -2 + -3 + 4 - (2 + -1). Let q(j) = -j**2 + 3*j + 1. Determine q(p).
-9
Let u(f) = -f**3 + 4*f**2 - 4*f + 3. Let p be (14/2 - 2) + 1. Let h = p + -3. Determine u(h).
0
Let x(v) = v**3 + 4*v**2 + 2*v + 5. Suppose -w = 2*w - 2*z - 7, -2*w + 10 = -4*z. Let d be (-12)/4 - w/1. Give x(d).
-3
Suppose 0 = 2*i - 0*i. Let y = 3 - i. Let v(f) = 1 + 13*f**2 + y*f + 2*f - 4*f. What is v(-1)?
13
Let y(b) be the first derivative of -3/2*b**2 + 2 - 2*b. What is y(-2)?
4
Let i(w) = -2*w. Suppose 3*l - 3 = -3*n - 12, 3*l + 2*n + 11 = 0. Let k(r) = -r. Let y(h) = l*i(h) + 8*k(h). Let p be 33/(-22)*8/(-6). What is y(p)?
4
Let o(f) be the first derivative of f**2/2 - f + 1. Let z be o(4). Let s(h) = h - 5. Determine s(z).
-2
Let b = -107 + 107. Let m(j) be the third derivative of b - 1/24*j**4 + j**2 + 0*j + 0*j**3. What is m(2)?
-2
Let o(s) be the first derivative of 1 - s + s**2 - 1/4*s**4 - 2/3*s**3. Determine o(1).
-2
Let k be -9*(10/6 + -2). Suppose 5*i = k*u - 0 + 9, 0 = -i - 3*u + 9. Let t(l) = -2*l**i - 2*l**2 + 3 + 2*l**3 + 4*l - l**3. What is t(-3)?
0
Let z(x) = -4*x**3 + x**2 - x + 1. Let r(n) = -n**2 + 4*n. Let o be r(4). Suppose o*g - 4 = -4*g. Calculate z(g).
-3
Suppose v - 2 = -v. Let r(z) be the first derivative of -2*z**2 + z + 2. Determine r(v).
-3
Let u(r) = r**3 - r**2 + r + 5. Suppose -3*p - 3 = 3*c, c + 6 = -p - c. Suppose 0 = -0*m + p*m. Determine u(m).
5
Let x(d) = 3 - 9 + 5 + 3*d. Give x(-1).
-4
Let m(k) = -k**2 - 4*k - 5 + 5*k**2 - 3*k**2. Let n be (7/3 - 1)*3. Give m(n).
-5
Suppose 2*t + 0 = 4. Let l be (0/t)/(-1 + -1). Let g(b) be the first derivative of -b**2/2 + 4*b - 4. Give g(l).
4
Let b(d) = d**2 + 3*d - 4. Let m be b(-3). Let y(p) = -2*p**2 - p - 2*p - p**3 - 3*p**2. Determine y(m).
-4
Let s(f) = f + 3. Suppose -4*a + 14 + 2 = 0. Let o be (2/4)/1*2. Let h = o - a. Give s(h).
0
Let t(x) = x**3 - 3*x**2 + x - 3. Let z be -15 - (-1 - -1) - -1. Let k be z/(-4) - (-3)/(-6). Determine t(k).
0
Let b(h) = -h**3 + 2*h**2 + 3*h - 2. Let r(f) = -f**2 + 7*f - 9. Let g be r(3). Determine b(g).
-2
Suppose 3*z - 4*g - 24 = -z, 0 = 5*g + 20. Let i(d) = 0*d**2 - z*d**3 - 4*d**2 + 3*d**3 + d - 3*d. Let w = -2 - -6. Determine i(w).
-8
Let t(s) = 3 - s - s**2 - 2*s - 2*s. Let o = 28 + -32. Determine t(o).
7
Suppose 3*m + 8 = -7. Let v(p) be the first derivative of -p**4/4 - 2*p**3 - 3*p**2 + 2*p + 6. Calculate v(m).
7
Let c(z) be the second derivative of -z**5/20 - z**4/12 - 5*z**2/2 - z. Suppose 3*y + 5*h = -28, -h = 3*y + 6 + 2. Let o be y - -1*(0 - -1). Give c(o).
-5
Let k(f) = 7 - 3*f**2 - 3*f**2 + 7*f**2. What is k(0)?
7
Let i(r) = -2*r**3 - 2*r**2 + 2*r + 2. Suppose -4*y - 1 = 15. Let v = -10 - -4. Let d = v - y. Calculate i(d).
6
Suppose 4*f + 56 = 4*v, -42 = f + 4*f + 2*v. Let a(b) = -b**3 - 10*b**2 + b + 8. Calculate a(f).
-2
Let j(k) = -k**2 + 2*k + 5. Let b = 7 + -15. Let p = b + 12. What is j(p)?
-3
Let l(g) be the first derivative of g**4/24 - g**3/6 + g**2 - 5. Let z(j) be the second derivative of l(j). Calculate z(0).
-1
Suppose 4*u - 5*v = -12 + 96, 60 = 2*u + 2*v. Let q = u + -32. Let t(m) = m**2 + 7*m + 1. Give t(q).
-5
Let n = 1 - 0. Let l(r) be the third derivative of -r**4/24 + 53*r**2. What is l(n)?
-1
Let f(k) = -k - 6. Let h be f(-10). Let o(y) be the first derivative of 3 - 3/2*y**2 + h*y. What is o(3)?
-5
Let l(x) be the second derivative of x**4/12 + x**3 - x**2/2 - x. Let n(y) be the first derivative of l(y). What is n(-5)?
-4
Let u be ((-1)/(-2))/(3/12). Let j(m) = -21*m + 22*m - 2 + 2. Give j(u).
2
Let c(u) = 2*u**2 - u - 5*u**3 - 4*u**2 + u**3. Determine c(-1).
3
Let s(f) = f**2 + 8*f + 3. Let p = -15 + 15. Suppose p = -3*y - 17 - 1. Determine s(y).
-9
Let d(q) 